{"id":42,"date":"2024-01-16T13:31:02","date_gmt":"2024-01-16T13:31:02","guid":{"rendered":"http:\/\/smart-dent.pl\/?page_id=42"},"modified":"2024-06-14T08:12:45","modified_gmt":"2024-06-14T08:12:45","slug":"stomatolog-katowice-kostuchna-bazantowo-piotrowice","status":"publish","type":"page","link":"http:\/\/smart-dent.pl\/index.php\/stomatolog-katowice-kostuchna-bazantowo-piotrowice\/","title":{"rendered":"O nas"},"content":{"rendered":"\n<p class=\"has-text-align-center has-primary-color has-text-color has-link-color wp-elements-9aefb51bc95a5639b2e8accdff683aaa\">Lek. dent<br>Dr n. med. Witold \u015awidzi\u0144ski<br>Specjalista stomatologii og\u00f3lnej<br>Lek. dent<br>Martyna \u015awidzi\u0144ska<\/p>\n\n\n<div class=\"wp-block-image\">\n<figure class=\"aligncenter size-full is-resized\"><img fetchpriority=\"high\" decoding=\"async\" width=\"646\" height=\"887\" src=\"http:\/\/smart-dent.pl\/wp-content\/uploads\/2024\/01\/dyplom-646-x887.jpg\" alt=\"\" class=\"wp-image-73\" style=\"width:444px;height:auto\" srcset=\"http:\/\/smart-dent.pl\/wp-content\/uploads\/2024\/01\/dyplom-646-x887.jpg 646w, http:\/\/smart-dent.pl\/wp-content\/uploads\/2024\/01\/dyplom-646-x887-218x300.jpg 218w\" sizes=\"(max-width: 646px) 100vw, 646px\" \/><\/figure><\/div>","protected":false},"excerpt":{"rendered":"<p>Lek. dentDr n. med. Witold \u015awidzi\u0144skiSpecjalista stomatologii og\u00f3lnejLek. dentMartyna \u015awidzi\u0144ska<\/p>\n","protected":false},"author":1,"featured_media":0,"parent":0,"menu_order":0,"comment_status":"closed","ping_status":"closed","template":"","meta":{"footnotes":""},"yoast_head":"<!-- This site is optimized with the Yoast SEO plugin v22.9 - https:\/\/yoast.com\/wordpress\/plugins\/seo\/ -->\n<title>Stomatolog Katowice Kostuchna Ba\u017cantowo Piotrowice - O nas<\/title>\n<meta name=\"description\" content=\"Stomatolog Katowice Kostuchna Ba\u017cantowo Piotrowice, Gabinet Stomatologiczny, ul. Armii Krajowej 300, 40-750\" \/>\n<meta name=\"robots\" content=\"index, follow, max-snippet:-1, max-image-preview:large, max-video-preview:-1\" \/>\n<link rel=\"canonical\" href=\"http:\/\/smart-dent.pl\/index.php\/stomatolog-katowice-kostuchna-bazantowo-piotrowice\/\" \/>\n<meta property=\"og:locale\" content=\"pl_PL\" \/>\n<meta property=\"og:type\" content=\"article\" \/>\n<meta property=\"og:title\" content=\"Stomatolog Katowice Kostuchna Ba\u017cantowo Piotrowice - O nas\" \/>\n<meta property=\"og:description\" content=\"Stomatolog Katowice Kostuchna Ba\u017cantowo Piotrowice, Gabinet Stomatologiczny, ul. Armii Krajowej 300, 40-750\" \/>\n<meta property=\"og:url\" content=\"http:\/\/smart-dent.pl\/index.php\/stomatolog-katowice-kostuchna-bazantowo-piotrowice\/\" \/>\n<meta property=\"og:site_name\" content=\"Smart-Dent\" \/>\n<meta property=\"article:publisher\" content=\"https:\/\/www.facebook.com\/profile.php?id=100067910807260\" \/>\n<meta property=\"article:modified_time\" content=\"2024-06-14T08:12:45+00:00\" \/>\n<meta property=\"og:image\" content=\"http:\/\/smart-dent.pl\/wp-content\/uploads\/2024\/01\/dyplom-646-x887.jpg\" \/>\n<meta name=\"twitter:card\" content=\"summary_large_image\" \/>\n<meta name=\"twitter:label1\" content=\"Szacowany czas czytania\" \/>\n\t<meta name=\"twitter:data1\" content=\"1 minuta\" \/>\n<script type=\"application\/ld+json\" class=\"yoast-schema-graph\">{\"@context\":\"https:\/\/schema.org\",\"@graph\":[{\"@type\":\"WebPage\",\"@id\":\"http:\/\/smart-dent.pl\/index.php\/stomatolog-katowice-kostuchna-bazantowo-piotrowice\/\",\"url\":\"http:\/\/smart-dent.pl\/index.php\/stomatolog-katowice-kostuchna-bazantowo-piotrowice\/\",\"name\":\"Stomatolog Katowice Kostuchna Ba\u017cantowo Piotrowice - O nas\",\"isPartOf\":{\"@id\":\"http:\/\/smart-dent.pl\/#website\"},\"primaryImageOfPage\":{\"@id\":\"http:\/\/smart-dent.pl\/index.php\/stomatolog-katowice-kostuchna-bazantowo-piotrowice\/#primaryimage\"},\"image\":{\"@id\":\"http:\/\/smart-dent.pl\/index.php\/stomatolog-katowice-kostuchna-bazantowo-piotrowice\/#primaryimage\"},\"thumbnailUrl\":\"http:\/\/smart-dent.pl\/wp-content\/uploads\/2024\/01\/dyplom-646-x887.jpg\",\"datePublished\":\"2024-01-16T13:31:02+00:00\",\"dateModified\":\"2024-06-14T08:12:45+00:00\",\"description\":\"Stomatolog Katowice Kostuchna Ba\u017cantowo Piotrowice, Gabinet Stomatologiczny, ul. Armii Krajowej 300, 40-750\",\"breadcrumb\":{\"@id\":\"http:\/\/smart-dent.pl\/index.php\/stomatolog-katowice-kostuchna-bazantowo-piotrowice\/#breadcrumb\"},\"inLanguage\":\"pl-PL\",\"potentialAction\":[{\"@type\":\"ReadAction\",\"target\":[\"http:\/\/smart-dent.pl\/index.php\/stomatolog-katowice-kostuchna-bazantowo-piotrowice\/\"]}]},{\"@type\":\"ImageObject\",\"inLanguage\":\"pl-PL\",\"@id\":\"http:\/\/smart-dent.pl\/index.php\/stomatolog-katowice-kostuchna-bazantowo-piotrowice\/#primaryimage\",\"url\":\"http:\/\/smart-dent.pl\/wp-content\/uploads\/2024\/01\/dyplom-646-x887.jpg\",\"contentUrl\":\"http:\/\/smart-dent.pl\/wp-content\/uploads\/2024\/01\/dyplom-646-x887.jpg\",\"width\":646,\"height\":887},{\"@type\":\"BreadcrumbList\",\"@id\":\"http:\/\/smart-dent.pl\/index.php\/stomatolog-katowice-kostuchna-bazantowo-piotrowice\/#breadcrumb\",\"itemListElement\":[{\"@type\":\"ListItem\",\"position\":1,\"name\":\"Strona g\u0142\u00f3wna\",\"item\":\"http:\/\/smart-dent.pl\/\"},{\"@type\":\"ListItem\",\"position\":2,\"name\":\"O nas\"}]},{\"@type\":\"WebSite\",\"@id\":\"http:\/\/smart-dent.pl\/#website\",\"url\":\"http:\/\/smart-dent.pl\/\",\"name\":\"Smart-Dent Stomatolog Katowice, Kostuchna, Ba\u017cantowo\",\"description\":\"\",\"publisher\":{\"@id\":\"http:\/\/smart-dent.pl\/#organization\"},\"potentialAction\":[{\"@type\":\"SearchAction\",\"target\":{\"@type\":\"EntryPoint\",\"urlTemplate\":\"http:\/\/smart-dent.pl\/?s={search_term_string}\"},\"query-input\":\"required name=search_term_string\"}],\"inLanguage\":\"pl-PL\"},{\"@type\":\"Organization\",\"@id\":\"http:\/\/smart-dent.pl\/#organization\",\"name\":\"Smart-Dent - Stomatologia Katowice, Kostuchna, Ba\u017cantowo, Piotrowice, Podlesie\",\"url\":\"http:\/\/smart-dent.pl\/\",\"logo\":{\"@type\":\"ImageObject\",\"inLanguage\":\"pl-PL\",\"@id\":\"http:\/\/smart-dent.pl\/#\/schema\/logo\/image\/\",\"url\":\"http:\/\/smart-dent.pl\/wp-content\/uploads\/2024\/01\/cropped-new_logo-1.png\",\"contentUrl\":\"http:\/\/smart-dent.pl\/wp-content\/uploads\/2024\/01\/cropped-new_logo-1.png\",\"width\":856,\"height\":195,\"caption\":\"Smart-Dent - Stomatologia Katowice, Kostuchna, Ba\u017cantowo, Piotrowice, Podlesie\"},\"image\":{\"@id\":\"http:\/\/smart-dent.pl\/#\/schema\/logo\/image\/\"},\"sameAs\":[\"https:\/\/www.facebook.com\/profile.php?id=100067910807260\"]}]}<\/script>\n<!-- \/ Yoast SEO plugin. -->","yoast_head_json":{"title":"Stomatolog Katowice Kostuchna Ba\u017cantowo Piotrowice - O nas","description":"Stomatolog Katowice Kostuchna Ba\u017cantowo Piotrowice, Gabinet Stomatologiczny, ul. Armii Krajowej 300, 40-750","robots":{"index":"index","follow":"follow","max-snippet":"max-snippet:-1","max-image-preview":"max-image-preview:large","max-video-preview":"max-video-preview:-1"},"canonical":"http:\/\/smart-dent.pl\/index.php\/stomatolog-katowice-kostuchna-bazantowo-piotrowice\/","og_locale":"pl_PL","og_type":"article","og_title":"Stomatolog Katowice Kostuchna Ba\u017cantowo Piotrowice - O nas","og_description":"Stomatolog Katowice Kostuchna Ba\u017cantowo Piotrowice, Gabinet Stomatologiczny, ul. Armii Krajowej 300, 40-750","og_url":"http:\/\/smart-dent.pl\/index.php\/stomatolog-katowice-kostuchna-bazantowo-piotrowice\/","og_site_name":"Smart-Dent","article_publisher":"https:\/\/www.facebook.com\/profile.php?id=100067910807260","article_modified_time":"2024-06-14T08:12:45+00:00","og_image":[{"url":"http:\/\/smart-dent.pl\/wp-content\/uploads\/2024\/01\/dyplom-646-x887.jpg"}],"twitter_card":"summary_large_image","twitter_misc":{"Szacowany czas czytania":"1 minuta"},"schema":{"@context":"https:\/\/schema.org","@graph":[{"@type":"WebPage","@id":"http:\/\/smart-dent.pl\/index.php\/stomatolog-katowice-kostuchna-bazantowo-piotrowice\/","url":"http:\/\/smart-dent.pl\/index.php\/stomatolog-katowice-kostuchna-bazantowo-piotrowice\/","name":"Stomatolog Katowice Kostuchna Ba\u017cantowo Piotrowice - O nas","isPartOf":{"@id":"http:\/\/smart-dent.pl\/#website"},"primaryImageOfPage":{"@id":"http:\/\/smart-dent.pl\/index.php\/stomatolog-katowice-kostuchna-bazantowo-piotrowice\/#primaryimage"},"image":{"@id":"http:\/\/smart-dent.pl\/index.php\/stomatolog-katowice-kostuchna-bazantowo-piotrowice\/#primaryimage"},"thumbnailUrl":"http:\/\/smart-dent.pl\/wp-content\/uploads\/2024\/01\/dyplom-646-x887.jpg","datePublished":"2024-01-16T13:31:02+00:00","dateModified":"2024-06-14T08:12:45+00:00","description":"Stomatolog Katowice Kostuchna Ba\u017cantowo Piotrowice, Gabinet Stomatologiczny, ul. Armii Krajowej 300, 40-750","breadcrumb":{"@id":"http:\/\/smart-dent.pl\/index.php\/stomatolog-katowice-kostuchna-bazantowo-piotrowice\/#breadcrumb"},"inLanguage":"pl-PL","potentialAction":[{"@type":"ReadAction","target":["http:\/\/smart-dent.pl\/index.php\/stomatolog-katowice-kostuchna-bazantowo-piotrowice\/"]}]},{"@type":"ImageObject","inLanguage":"pl-PL","@id":"http:\/\/smart-dent.pl\/index.php\/stomatolog-katowice-kostuchna-bazantowo-piotrowice\/#primaryimage","url":"http:\/\/smart-dent.pl\/wp-content\/uploads\/2024\/01\/dyplom-646-x887.jpg","contentUrl":"http:\/\/smart-dent.pl\/wp-content\/uploads\/2024\/01\/dyplom-646-x887.jpg","width":646,"height":887},{"@type":"BreadcrumbList","@id":"http:\/\/smart-dent.pl\/index.php\/stomatolog-katowice-kostuchna-bazantowo-piotrowice\/#breadcrumb","itemListElement":[{"@type":"ListItem","position":1,"name":"Strona g\u0142\u00f3wna","item":"http:\/\/smart-dent.pl\/"},{"@type":"ListItem","position":2,"name":"O nas"}]},{"@type":"WebSite","@id":"http:\/\/smart-dent.pl\/#website","url":"http:\/\/smart-dent.pl\/","name":"Smart-Dent Stomatolog Katowice, Kostuchna, Ba\u017cantowo","description":"","publisher":{"@id":"http:\/\/smart-dent.pl\/#organization"},"potentialAction":[{"@type":"SearchAction","target":{"@type":"EntryPoint","urlTemplate":"http:\/\/smart-dent.pl\/?s={search_term_string}"},"query-input":"required name=search_term_string"}],"inLanguage":"pl-PL"},{"@type":"Organization","@id":"http:\/\/smart-dent.pl\/#organization","name":"Smart-Dent - Stomatologia Katowice, Kostuchna, Ba\u017cantowo, Piotrowice, Podlesie","url":"http:\/\/smart-dent.pl\/","logo":{"@type":"ImageObject","inLanguage":"pl-PL","@id":"http:\/\/smart-dent.pl\/#\/schema\/logo\/image\/","url":"http:\/\/smart-dent.pl\/wp-content\/uploads\/2024\/01\/cropped-new_logo-1.png","contentUrl":"http:\/\/smart-dent.pl\/wp-content\/uploads\/2024\/01\/cropped-new_logo-1.png","width":856,"height":195,"caption":"Smart-Dent - Stomatologia Katowice, Kostuchna, Ba\u017cantowo, Piotrowice, Podlesie"},"image":{"@id":"http:\/\/smart-dent.pl\/#\/schema\/logo\/image\/"},"sameAs":["https:\/\/www.facebook.com\/profile.php?id=100067910807260"]}]}},"_links":{"self":[{"href":"http:\/\/smart-dent.pl\/index.php\/wp-json\/wp\/v2\/pages\/42"}],"collection":[{"href":"http:\/\/smart-dent.pl\/index.php\/wp-json\/wp\/v2\/pages"}],"about":[{"href":"http:\/\/smart-dent.pl\/index.php\/wp-json\/wp\/v2\/types\/page"}],"author":[{"embeddable":true,"href":"http:\/\/smart-dent.pl\/index.php\/wp-json\/wp\/v2\/users\/1"}],"replies":[{"embeddable":true,"href":"http:\/\/smart-dent.pl\/index.php\/wp-json\/wp\/v2\/comments?post=42"}],"version-history":[{"count":4,"href":"http:\/\/smart-dent.pl\/index.php\/wp-json\/wp\/v2\/pages\/42\/revisions"}],"predecessor-version":[{"id":182,"href":"http:\/\/smart-dent.pl\/index.php\/wp-json\/wp\/v2\/pages\/42\/revisions\/182"}],"wp:attachment":[{"href":"http:\/\/smart-dent.pl\/index.php\/wp-json\/wp\/v2\/media?parent=42"}],"curies":[{"name":"wp","href":"https:\/\/api.w.org\/{rel}","templated":true}]}}